en o(-11) is divided by b?
2
Let z be ((0/(-6))/(0 + 3))/1. Suppose z*a - 48 = -4*a. Calculate the remainder when a is divided by 5.
2
Suppose c - 3*x = 90, 2*x + 0*x = 5*c - 476. Calculate the remainder when c is divided by 21.
12
What is the remainder when (1034/77)/(-1*(-2)/14) is divided by 12?
10
Suppose 9*d - 1824 - 4188 = 0. Calculate the remainder when d is divided by 6.
2
Suppose -20*p + 18*p + 208 = 0. Let s(d) = -d**3 + 7*d**2 + 2*d + 1. What is the remainder when p is divided by s(7)?
14
Let j = -1 + 14. Suppose 5*g = 7*g - 6. Suppose g*t + 153 = 6*t. Calculate the remainder when t is divided by j.
12
Let v(y) = -y**3 + 12*y**2 + 51*y - 20. What is the remainder when 105 is divided by v(15)?
35
Let v = -24 - -38. Calculate the remainder when 2/15 + 12166/330 is divided by v.
9
Calculate the remainder when (0*(-4)/(-16) - -2) + 34 is divided by 26.
10
Let q(w) = -w**2 - 163*w - 1074. What is the remainder when 251 is divided by q(-7)?
17
Suppose 27 = 2*t - 5*p, 2*t - 12 = -3*p + 23. Let d(s) = 2*s - 18. Calculate the remainder when 38 is divided by d(t).
10
Let y(r) = -r**3 + 7*r**2 + 10*r + 3. Let s be y(8). Suppose 23 = 3*d - s. Calculate the remainder when d is divided by 3.
2
Suppose 266 - 1028 = -6*v. Calculate the remainder when v is divided by 26.
23
Let s(n) = -n**3 + 3. Let p be s(-2). Suppose j = p*j - 130. Calculate the remainder when (2/(-4))/((-2)/92) is divided by j.
10
Let x(f) = f**2 - 37*f + 78. Let n = -8 + 47. What is the remainder when n is divided by x(35)?
7
Suppose -2115 = -24*b + 1917. Calculate the remainder when b is divided by 10.
8
Suppose 0 = 9*r - 362 - 1069. What is the remainder when r is divided by 5?
4
Let u be (3/(-2))/(6/(-12)). Let a be u/(-7) + 51/119. Suppose -2*g + 0 + 6 = a. What is the remainder when 13 is divided by g?
1
Suppose -6*m + 5*x = -3*m - 80, -4*m + 4*x + 96 = 0. What is the remainder when m is divided by 4?
0
Let f be -11 + (4 + 8)/4. Let q = f - -91. Suppose 5*d - 308 = -q. What is the remainder when 87 is divided by d?
42
Suppose 0 = -r - 0 - 3. Let s be 1/r*15/(-1). Suppose 2*u - s*u - x = -86, -u + x + 30 = 0. Calculate the remainder when u is divided by 10.
9
Let h be 21/7*(-8)/(-6). Suppose -4*u + 5*i = -20, i = -2*u + 6*u - h. Suppose 3*f - 3*x - 122 = 181, u = 3*x. Calculate the remainder when f is divided by 26.
23
Let q = -141 + 198. Suppose -5*u = 3*j - 142, 10*j = u + 8*j - 31. Calculate the remainder when q is divided by u.
28
Suppose 3*o - 274 = -73. Suppose -12*t + 252 = -5*t. What is the remainder when o is divided by t?
31
Let v(j) = 6*j**2 + 6*j + 2. Suppose -2*i - 8 = -0*i. Calculate the remainder when v(i) is divided by (156/(-364) - (-192)/7) + -2.
24
Let x = 1065 + -1041. What is the remainder when (1*3)/((-3)/(-93)) is divided by x?
21
Suppose -24385 = 15*a - 82840. Calculate the remainder when a is divided by 12.
9
Let f(z) = -2*z**2 + 36*z - 16. Calculate the remainder when f(14) is divided by 33.
30
What is the remainder when 665 is divided by (-28)/(-70) - -8*(-92)/(-10)?
73
Let k(z) = z**3 + 10*z**2 + 11*z - 19. Calculate the remainder when (41/2)/(7/14) is divided by k(-8).
20
Calculate the remainder when (-65 + 68)*(-2)/(-6)*193 is divided by 14.
11
Let q(g) = -10*g + 58. Calculate the remainder when 39 is divided by q(5).
7
Suppose 0 = -9*z + 89 - 17. What is the remainder when 294 is divided by z?
6
Suppose -5 = -5*c, 779 - 286 = 5*b + 3*c. Calculate the remainder when b is divided by 9.
8
Calculate the remainder when (8/6)/4*(172 + -28) is divided by 5.
3
Let j be 4*(-1)/(-2)*(-15)/(-10). Let s(n) = 5*n + 0 + 1 + n**2 - 4*n. What is the remainder when s(j) is divided by 4?
1
Let x(q) = -q. Let i be x(-3). Let v be (3 - 2)*-1 + 56. Suppose 5*h - 92 = h + 2*a, -i*h - 2*a = -v. What is the remainder when 81 is divided by h?
18
Suppose 0 = 3*j - 15, -7*n + 6*n - 5*j + 38 = 0. What is the remainder when 193 is divided by n?
11
Let t = -1556 - -1711. Let q(x) = -x**2 - 14*x - 6. Calculate the remainder when t is divided by q(-9).
38
Suppose 0 = 2*k, -3*z - 5*k - 602 = -5*z. Calculate the remainder when z is divided by 38.
35
Suppose -2*m + 64 = 3*f - 7*m, 0 = 4*f - 5*m - 82. Let j(d) = 8*d - 61. Suppose 2*i - 32 - 10 = 0. What is the remainder when j(f) is divided by i?
20
Let b = -786 + 859. What is the remainder when 141 is divided by b?
68
Suppose -v + 2 + 9 = 0. Calculate the remainder when 98 is divided by v.
10
Suppose -3*a - 6*u = -5*u - 34, -2 = u. Suppose 0 = 3*o + o - 184. Calculate the remainder when o is divided by a.
10
Suppose 2*w - m - 163 = 0, -5*w + m + 2*m = -407. Calculate the remainder when w is divided by 4.
2
Let p = -513 + 964. What is the remainder when p is divided by 157?
137
Suppose -53*m + 607 + 7025 = 0. Calculate the remainder when m is divided by 50.
44
Suppose -51 = -d - 2*m, 5*d = 8*d - 5*m - 186. What is the remainder when d is divided by 25?
7
Suppose -8 = -2*s, 0*s - 42 = -5*g + 2*s. Let x = 99 + -14. Calculate the remainder when x is divided by g.
5
Calculate the remainder when ((-78)/65)/((-6)/1650) is divided by 16.
10
Let y(f) = -f**3 + 16*f**2 + 23*f + 102. Calculate the remainder when y(17) is divided by 41.
40
Let r = -22 + 25. Suppose 5*l = r*t + 308, 5*t + l + 100 = 4*t. Let k = 204 + t. What is the remainder when k is divided by 26?
25
Let a(v) = v**2 + v + 4. Let s(j) = 89 + 16*j + 13*j**2 - 2*j**2 - j**3 - 131. What is the remainder when s(11) is divided by a(-6)?
32
Let q(x) = -x**3 - 4*x**2 + 4*x - 14. What is the remainder when 161 is divided by q(-6)?
25
Let i = -38 - -41. Suppose -i*m + 150 = 3*j, 3*m + 7*j = 5*j + 150. Calculate the remainder when m is divided by 13.
11
Let l(q) = -q**3 - 8*q**2 + 25*q + 172. Calculate the remainder when l(-14) is divided by 10.
8
Let p be 52 + (-2 - (6 + -4)). Suppose 6*g - p = 60. Calculate the remainder when 51 is divided by g.
15
Suppose -2*o + 5*o - 429 = 3*m, -10 = -5*m. Calculate the remainder when o is divided by 21.
19
Let q(t) = t**2 + 10*t + 43. Let c = 41 + -46. What is the remainder when 106 is divided by q(c)?
16
Let v(i) = 2*i**3 - 12*i**2 - 5*i. Let u(c) = 3*c + 2. What is the remainder when v(7) is divided by u(3)?
8
Let g(m) = 11*m - 465. What is the remainder when g(55) is divided by 54?
32
Let z = 249 + -79. Suppose 0 = 5*o - 0*o - z. What is the remainder when o is divided by 12?
10
Suppose -3*b + 145 = 26*b. What is the remainder when 89 is divided by b?
4
Let m(b) = b**3 + 8*b**2 - 6*b + 4. Suppose -24*p = -13*p - 99. Calculate the remainder when m(-8) is divided by p.
7
Let q = -228 - -242. What is the remainder when 26 is divided by q?
12
Suppose 386 = 2*i - 0*i - 4*a, 4*i - 5*a - 772 = 0. What is the remainder when i is divided by 22?
17
Let v(u) = 3*u**2 - u + 24. Let b(j) = j**2 + 8. Let p(w) = -11*b(w) + 4*v(w). What is the remainder when 9 is divided by p(4)?
1
Let a(k) = -13*k + 1 + 20*k + k**3 - k**2 + 0 - 6*k**2. What is the remainder when a(6) is divided by 4?
3
Suppose -2*s + 5*h = -s - 37, -2 = -s - 2*h. Suppose 0 = u - 11 - 0. Let x = u - -35. What is the remainder when x is divided by s?
10
Suppose -13*o = -12*o + 122. Calculate the remainder when (0/(-4) - 2)*o/4 is divided by 8.
5
Let d = -34 - -22. Let y be 18/d + 2/(-4). What is the remainder when y + -1 - (-105)/7 is divided by 4?
0
Let c(z) be the first derivative of -25*z**4/2 - 2*z**3/3 - z**2/2 - 10. Calculate the remainder when c(-1) is divided by 26.
23
Let o(b) = -b**3 - 3*b**2 + 4*b + 3. Let r be o(4). Let x = r + 109. What is the remainder when 50 is divided by x?
2
Suppose -4*m + 16 = 0, -2*q + 282 = -5*m - 42. Suppose -31*t - 40 = -33*t + 6*a, -165 = -4*t - 5*a. What is the remainder when q is divided by t?
32
Suppose 32 = -110*a + 114*a. Calculate the remainder when 188 is divided by a.
4
Suppose 24*g = 15*g + 342. Calculate the remainder when 92 is divided by g.
16
Let j be (10*-2)/(((-28)/8)/(-7)). Calculate the remainder when 45 is divided by (j/100)/(1 + 62/(-60)).
9
Suppose -3*l + 165 = -48. What is the remainder when l is divided by 24?
23
Let g(w) = -w**3 - 3*w**2 + 3*w + 4. What is the remainder when g(-5) is divided by 22?
17
Let u = -23 + 40. Suppose -o = 4*o + 2*d - 10, 2*d - 10 = 5*o. What is the remainder when u is divided by 0/(-2 - o) - -9?
8
